s -50 - (10 + -9 + (-24 + 43 - 18))?
-52
Calculate 80 - 18 - 20 - 97.
-55
What is the value of (139 - (32 + 94)) + 119?
132
Calculate (6 + 2 - 17 - 0) + -13.
-22
100 - 116 - (-6 + 3 + -2) - -9
-2
What is (113 - (-8 + 105)) + -15 + (-2 - -3)?
2
Calculate 23 + 31 + 1 + -16 + 0 + 1.
40
What is the value of 5 + 7 - (-23 - -30 - -1)?
4
What is -80 + -39 + -88 + 111?
-96
2 + 33 - (-22 + (-32 + 22 - -38))
29
Calculate 6 + 81 + -102 - (0 + (1 - 6)).
-10
Evaluate -11 - (-2 - 4 - (22 + -20 - 20 - -12)).
-11
What is -26 - (46 - (122 + -61)) - (-1 - 0 - -72)?
-82
Evaluate 2 + 13 + 30 + -62.
-17
What is -190 - -172 - (-60 + -2 + 3)?
41
What is the value of (-2 - 2) + 30 + -22 + 59 + -46 + 36?
53
Calculate (7 + -107 + 57 - -41) + (-104 - -2).
-104
Evaluate 0 + (3 - (-3 - -35)) + (102 - 64) + -31.
-22
Calculate 38 + (44 - (18 + 51)).
13
What is the value of 0 + 1 + (-2 - -6 - -17 - 31)?
-9
What is -1698 - -1722 - (-7 - -1)?
30
Calculate -12 + (13 - (-31 + 4)) - 99.
-71
Calculate -12 - -3 - ((-89 - -27) + 60).
-7
(-83 - -50) + 50 + -34
-17
What is the value of (40 - 4) + (80 - (-20 + 134))?
2
Calculate (1 + 44 - 10) + (-47 - -23) + (78 - -2).
91
What is the value of -15 - ((28 - 28) + 32)?
-47
What is the value of 15 + (-27 + 9 - 2 - -4) - 52?
-53
What is (4 - 73) + -4 + (-6 - -33)?
-46
What is -37 - 0 - (-12 + -34 + 13)?
-4
Evaluate 12 + -35 + 53 - 38.
-8
-10 + -2 + (-17 - (8 + -9))
-28
What is ((19 - 15 - 9) + -17 - -12) + (-2 - -40)?
28
Evaluate -20 - (-10 - 4 - (-1 + 1)).
-6
Calculate (-46 - (15 + -59)) + (-3 - -11).
6
Evaluate 138 + -147 - (4 + -10 - -19).
-22
What is the value of -19 + -30 + 16 + 40?
7
Evaluate 63 - ((-52 - -96) + -23).
42
What is -110 + 40 + 5 + 6 + 11?
-48
Evaluate 44 + (10 - 73) + -10.
-29
Evaluate 32 - (13 + 11 + -20 - 43).
71
Evaluate -46 + (-22 - -24) + 23 + -93 + -9.
-123
Evaluate -81 - -32 - ((-11 - 0) + (5 - (-2 - -2))).
-43
(-1 - 13) + (248 - 236) + 5
3
What is 42 - (21 + -61 + 74)?
8
Evaluate 19 - -9 - (-860 - -935).
-47
Calculate 1 - -11 - (-16 + (-11 - -71) + 6 - -6).
-44
What is the value of -128 + 142 + -33 + (7 - (-2 + 12))?
-22
Evaluate (1683 + -1629 - (-1 - 26)) + 1 + -18.
64
What is the value of (40 - 56) + (48 - -6 - -27)?
65
What is the value of 12 + (-3 + -7 + 1 - -26)?
29
Calculate -38 - (177 + -180 - (7 + -10 - (7 + -1))).
-44
Calculate -23 - -52 - (-92 - (-26 + -2)).
93
What is the value of 12 + -13 + -6 - (8 - 31)?
16
What is -21 - (22 - 22 - 35 - -166)?
-152
What is the value of (-34 - (-30 - -13)) + 23 + 69?
75
(-22 - 44) + -14 + 20 + -14 + 4 + -8
-78
Calculate (-22 - (-55 + 22)) + -35.
-24
What is -17 + 1 - (-121 + 71 - 3)?
37
Evaluate (-55 - -106 - -14) + -114.
-49
What is the value of 63 - (33 + 5 - (28 - 33 - -20))?
40
(-4 + 17 - -5) + (343 - 320)
41
(-3 - -5 - 67) + 270 + -273 + (0 - -1)
-67
2 - (2 - 47) - 50
-3
38 + -8 + -37 + (1 - 32) - -14
-24
-8 + -7 + (37 - (-14 - -37))
-1
Calculate 12 + -5 - (-23 + (2 - 1) + 8 + -20).
41
Evaluate 81 - (-57 - -95) - 42.
1
Evaluate 0 - 2 - -6 - (12 + 18 + -26) - -2.
2
18 - (10 + -45 + -31 + 14) - -15
85
Evaluate 10 + 24 + -61 + 14 - (-3 - 39).
29
What is the value of 82 + (5 - 27 - (-59 + 23 - -24))?
72
What is the value of 2 + (-26 - -13) - (-3 + -61 - -14)?
39
4 + (26 - 5) + (-1788 - -1795)
32
Evaluate (-252 - -246) + -24 + -1.
-31
What is the value of (3 - -22) + 250 + -216?
59
Evaluate (118 - (99 + 34)) + (1 - 6 - 1).
-21
What is (-15 - 9) + 6 - (11 - 29)?
0
-36 - ((42 - (-1 - -30)) + (0 - 2) + -14)
-33
Calculate (-3 - -47) + -34 + 106 + (5 - 11).
110
Calculate 14 + -3 + (-35 - -65 - 25 - (-38 + 0)).
54
What is the value of (92 - 0) + (77 - (-62 + 234 - 82))?
79
What is the value of 130 + (-8 - ((-238 - -233) + 1 + -24))?
150
(2 + -7 - -6) + -83 + (5 - -17)
-60
Calculate 5 + (-34 - -17) + -21 + 1.
-32
Evaluate 11 + (8 - (12 - 16) - 6).
17
(-26 - -38) + 8 + (10 + 4 - -2)
36
Evaluate -23 + 87 + (-1 - 2 - (5 + -6)) + 2.
64
What is the value of (-22 - (7 + -30 + 16 - 7)) + 1 + 37?
30
Calculate 21 - (-13 + (-1 - 22 - -36) - -64).
-43
(0 + -4 - (12 - 3)) + 38 + -47
-22
Calculate 1671 - 1617 - (36 - 0).
18
Calculate -1 - -120 - (153 - (-63 - -190)).
93
Evaluate -4 + (44 - 75) + (13 - (18 - 9)).
-31
Calculate (-67 - (14 + 10)) + 69.
-22
What is the value of 5 - ((-75 - -177) + -127)?
30
What is the value of 48 - 37 - 28 - (1 + 1)?
-19
Calculate 55 + -3 - 33 - (-8 - (-2 + -76)).
-51
Calculate -1 + 1 + -15 - (505 + -523).
3
-158 + -21 + 37 + 13 + 29
-100
-32 - ((19 - 41) + 16) - 2
-28
What is the value of 91 - 77 - (304 - 307 - (-1 - (-2 - -2)))?
16
Calculate 21 + (-10 - (-6 - (-19 - -37))).
35
Calculate (-271 - -275) + (15 - 1) + 18.
36
-16 + (-1 - 46) + (141 + -148 - (-10 - 2))
-58
Evaluate (1 - -35) + 6 + (-28 - 9 - -14) + 10.
29
3 + 8 + (-46 - (-69 - -15))
19
What is the value of -8 + 22 + 61 - ((-5 - -20) + -7)?
67
Evaluate 3 + -6 - (-4 - (-4 + 7)) - 17.
-13
What is 0 - -3 - 0 - (1335 + -1332)?
0
Calculate 0 + -24 - (83 - (28 - -49)).
-30
65 - 88 - ((-20 + 22 - (-2 - 0)) + 6)
-33
What is the value of 10 - ((-11 - (-4 + -6 + -1)) + -3 + 19)?
-6
(116 - (-23 + 19)) + -208
-88
What is the value of -7 - ((464 - 473) + 1 + -4) - (-1 + 15)?
-9
16 + (-27 - (49 + -108))
48
Calculate -55 - (-257 + 122 - -81).
-1
7 + (138 - 68 - 92 - (-97 - 1))
83
What is (-14 + -7 - -18) + -9 + -2 + 19?
5
Evaluate (12 - -23) + (16 - 12) + 33.
72
What is the value of (44 - 58) + (-89 - 21 - (-10 - -2))?
-116
Calculate 932 + -947 + (5 - 41) + -3.
-54
What is -171 + 219 + -52 - ((0 - -26) + (-2 - 0))?
-28
What is the value of (1 - (-2 + -40)) + 6 + -43 + 23?
29
What is 5 - 10 - 4 - (386 - 403)?
8
Calculate 6 + -14 + -19 + 41 + 27.
41
Calculate 41 + -45 + 6 + -7 + 7 + 42.
44
Calculate 46 + -1 + (10195 - 10163).
77
What is 135 + (10 + 18 + -52 + 27 - (14 - -3))?
121
What is the value of (0 - 103) + (13466 - 13287)?
76
What is the value of 35 - (-12 - (-63 - 19 - -22))?
-13
What is (-8640 - -8739) + (-216 - -2)?
-115
Calculate 17 - (2 + 9 + (57 - 65)) - -33.
47
Calculate (-5 - -1) + 0 + (-5 - -21 - 2).
10
What is -1 - 22 - (28 + (56 - 113))?
6
Evaluate 2 + (-3 - -5 - (1 + (-6 - -14) - 9)).
4
Evaluate (0 - 27 - -43) + -38 + 62.
40
Evaluate 10 + -33 + 2 - -23 - (-32 + 3 - -1).
30
What is 36 - 48 - -3 - -43?
34
Evaluate (-199 - -199 - (-9 - -1)) + (-4 - -50) + -5.
49
8 - (-14 + (-11 - (15 - (-11 + -12))))
71
What is the value of (1 - 19) + (99 + -67 + 13 - 38)?
-11
What is the value of 12 + -36 + 40 - (-1 - 26)?
43
Calculate -22 + 4 + 3 + 2 - (-90 - -101).
-24
What is the value of -53 - (8 + 4 + 16 + -31) - -7?
-43
What is 22 + 1 + 24 + (7 - (-4 - -17))?
41
Calculate 16 + (21 - 58 - 139) + 38.
-122
Calculate (-1 - 4) + (76 - 36).
35
What is the value of (1 - 72) + (38 + (-24 - -35) - 41)?
-63
Evaluate -1 + 6 + (-12 - 6) + -52 + 12 - -9.
-44
24 - ((-2 + 19 - 27 - 10) + 17)
27
38 + (-76 - 8) + 19
-27
Evaluate -9 + (-21 + 18 + -1 + (18 - 7) - -16).
14
What is -3 - 4 - ((-2 + 9 - -12 - 19) + -71)?
64
Evaluate (-6 - 30 - -12) + -27.
-51
83 + -101 + 84 + 2 + -17
51
Calculate 4 + (-17 - (2 + 1 + 17)).
-33
What is the value of 30 + -24 + 4 + -7 + -4 + 5 + 32?
36
What is 66 + -40 + -2 + -49?
-25
8 - (18 - (-21 - (12 + -1)))
-42
What is (-1187 - -1292) + (-2 + 21 - 2)?
122
(157 - (97 - -44)) + 61
77
What is the value of (0 - 0) + -9 + (-7 - 165 - -236)?
55
What is 20 - (44 - 26) - (-9 - -14)?
-3
What is 17 + -30 + 7 + -50 + -2 - -7?
-51
Evaluate -5 + (18 - 1 - (-201 + 185)).
28
Calculate -3 + (-12 - -2) - (24 + 4 + -3).
-38
What is -34 - (28 - 74) - 21?
-9
29 - (52 - 13 - 65)
55
Evaluate 46 - (-3 + -34 + 42) - (1 + 1 + -5).
44
What is (-6 - -1) + -112 + 202 + -104?
-19
Evaluate (46 - (-34 - (-74 - -24))) + (-1 - 7).
22
What is the value of 31 + -34 - (-1 + 0 - 1) - -4 - 2?
1
Evaluate -3 + 5 - (-936 - -852).
86
What is 477 - 500 - (-41 - 2) - -31?
51
What is the value of (8 + -70 - (-2 - (-3 + 0)) - -10) + -7?
-60
Calculate 3 + (7 + -12 + -17 + 12 - -8) - 89.
-88
What is 145 - 92 - ((9 + -7 - 6) + -4 + 1)?
60
Evaluate -46 + 70 + 35 - 54.
5
What is the value of -5 + 8 - (23 + 25 - (-8 - -17))?
-36
What is the value of (-6 + 13 + 2 - (40 - (-112 - -40))) + 13?
-90
What is the value of -18 - (4 - 14) - (-140 - -191)?
-59
What is -71 - (29 - 19 - (-2 + -26))?
-109
What is the value of 4 - 3 - (37 + -23 - 5)?
-8
C